12 = 4*y - 213, f = 2*j + 2*y. What is the hundreds digit of j?
1
Suppose 4*a = 0, 5*b - 32*a = -35*a + 13055. What is the thousands digit of b?
2
Let w = -71 + 86. Suppose -3*k = -w*k + 36. What is the units digit of k?
3
Let y be (-2)/(-8) - (-186)/24. Suppose 5*h = y*h. Suppose 3*a + 2*f - 64 = 0, h = 3*a - a + 4*f - 48. What is the tens digit of a?
2
Let f(b) = b**2 - b + 22. Let y be f(-18). Suppose -344 = -6*c + y. What is the units digit of c?
8
Suppose -3*s - 990 = 2*s. Let v be s/(-5) + (-12)/(-30). What is the units digit of (-10)/v + 33/4?
8
What is the tens digit of (1434/2)/(11 - 50/5)?
1
What is the tens digit of (130/(-30)*-3)/((-1)/(-32))?
1
Let w be 1 - (-2*359 - (9 - 8)). Suppose 10*a - w = 5*a. What is the tens digit of a?
4
Suppose -i + 13 = 4*g, 0*g + g + 2*i - 5 = 0. Suppose -4*u = 16, -u + 2*u - 5 = -g*c. Suppose r = 6*r + 25, j + c*r + 9 = 0. What is the units digit of j?
6
Let q be 18/3 + 2/(-2). Suppose q*u = u + 240. What is the units digit of u?
0
Suppose 0 = 130*j - 131*j - 3*u + 569, 0 = 3*j + 2*u - 1728. What is the hundreds digit of j?
5
Suppose -1267*f = -1279*f + 18384. What is the hundreds digit of f?
5
Let p be (-42)/(-12)*24/14. Suppose -5*a = -p*a + 9. Suppose 12*o - 15*o + a = 0. What is the units digit of o?
3
Let v(b) = -33*b**3 - 2*b**2 - 3*b - 2. Let n be v(-2). Suppose -n = -17*i + 13*i. What is the tens digit of i?
6
Suppose 13 + 23 = -3*k. Let u be (-4)/k - 2040/(-9). Suppose -4*c = 23 - u. What is the units digit of c?
1
Let t be (-1 - -4)*28/(-6). Let z be -3 - 0 - (12 + t). What is the units digit of ((-7)/(-14))/(z/(-60))?
0
Let u = 69 - 48. Suppose 191 = 5*n + u. What is the tens digit of n?
3
Suppose -3*p - 2 = -2*t, 2*p = 2*t - t - 1. Suppose 2*a + 2*c = 5*c + 326, -c + 2 = p. What is the tens digit of a?
6
Let y = -10 - -18. Suppose 0 = -3*m + 3*u + 186, 4*m + 3*u + 68 = 5*m. What is the units digit of y + -10 + -1 + m?
6
Let k(o) = -10*o + 7. Let t be k(-18). Suppose 5*s = d - 185, 4*d + 5*s = 478 + t. What is the units digit of d?
0
Suppose 5*t - 3*n - 12061 = -3953, -8103 = -5*t - 2*n. What is the thousands digit of t?
1
Let o(d) = 126*d + 208. What is the units digit of o(8)?
6
Let p(r) = 5*r + 7. Let f be p(-7). Let u = 26 + f. What is the units digit of (u/1)/((-4)/26)?
3
Let x be (-36)/(-8)*2/3. What is the tens digit of 34*(x + 20/(-8))?
1
Suppose 5*l = -3*f + 3, -2*l + 2*f - 6*f = 10. Let x be 0/12 + -3*l. What is the tens digit of ((-20)/(-6))/((-1)/x)?
3
Let i = 10 - 12. What is the units digit of (-2 - 8/i)*2?
4
Suppose 0 = -2*g - z + 131, -g = -z - z - 58. What is the tens digit of g?
6
What is the hundreds digit of 764 - -1 - (0 + (-8 - -4))?
7
Let k be (-1)/(((-7)/((-28)/8))/284). Let v = 343 + k. What is the hundreds digit of v?
2
Suppose -315 = -7*b + 616. What is the units digit of b?
3
Let c be 5 + 2*(-15)/10. What is the hundreds digit of ((-6)/3)/(416/210 - c)?
1
Suppose 52 = -4*z - 20. What is the units digit of (1 - -117)*(-9)/z?
9
Suppose -7*v - 835 = 75. Suppose -2*q + 60 = -6*q. What is the tens digit of ((-6)/(-4))/(q/v)?
1
Let f(j) = 40*j**2 - 19*j + 105. What is the thousands digit of f(6)?
1
Suppose 5*a + 3*z = 3854, -3*a = -5*a - 2*z + 1544. What is the tens digit of a?
6
Let f(w) = w**2 + 2*w. Let s(x) = -8*x - 27. Let t(d) = 2*f(d) - s(d). What is the tens digit of t(-11)?
3
Suppose 0 = -3*p - 3*p + 234. Suppose -p = 7*t - 263. What is the tens digit of t?
3
Let t = -91 - -91. Suppose -10*p + 0 + 230 = t. What is the units digit of p?
3
Let l(y) = 2*y - 10 - 4*y + 14 + 21. What is the tens digit of l(-19)?
6
Let k = 176 + 24. Suppose -3*d = -k + 26. What is the tens digit of d?
5
Let m(h) = -34*h**2 + 3*h - 2. Let y(x) = 17*x**2 - x + 1. Let t(a) = 2*m(a) + 5*y(a). Let w(k) = k**2 - 7*k + 5. Let n be w(6). What is the tens digit of t(n)?
1
Suppose 3*p - 125 = -m, -2*p + 27 + 47 = -4*m. Suppose 2*b + 0*b = 10, 2*q = -4*b - 38. Let o = q + p. What is the tens digit of o?
1
Let s(k) = -12*k - 5. Let y be s(-4). Suppose -49*t + 1380 = -y*t. What is the tens digit of t?
3
Let u(p) = p - 1. Let n(m) = -5*m**2 - 7*m - 4. Let x(s) = n(s) + 4*u(s). Let l(v) be the first derivative of x(v). What is the tens digit of l(-2)?
1
Suppose -5*p - 1759 = -4*w, -w - 4*p + 1732 = 3*w. What is the units digit of w?
6
Let l = -13 - -14. Let k be (-7 + 7)*l/1. Suppose k = -5*c - 25 + 160. What is the tens digit of c?
2
Suppose 2*d + 3*x = -30, d + 2*d + 34 = x. Let f be ((-3)/d)/(2/40). Let c(i) = -i**3 + 5*i**2 + 5*i + 5. What is the tens digit of c(f)?
3
Let l be 4/(-16) - 2/(-8). Suppose -1465 = -l*i - 5*i. Suppose -81 = -p - 5*w, -4*w = -5*p - w + i. What is the tens digit of p?
6
Let g = 1863 + -1310. What is the tens digit of g?
5
Suppose -169 = 10*d + 661. Let x = 17 - d. What is the tens digit of x?
0
Let u be ((-6)/(-18))/((-2)/(-18)). Let n = 43 - 43. Suppose -o = u*s - 88, 3*s - 5*o + n*o - 100 = 0. What is the tens digit of s?
3
What is the units digit of ((-36)/(-4 - -10) - -1725) + -1?
8
Let b be (-2)/(-8)*2*4. Suppose 3*m + b = m. What is the tens digit of m - -1 - 31/(-1)?
3
Let c = -214 - -2091. What is the hundreds digit of c?
8
Let x = 1105 - -290. What is the hundreds digit of x?
3
Let x(l) = l**2 + 8*l + 2. Let b be x(-8). Suppose b*h + h - 57 = 0. Suppose -n - 8 = -u, u + u - 5*n = h. What is the units digit of u?
7
Suppose p + o - 372 = 0, -5 = -5*o + 15. What is the tens digit of p?
6
Suppose 0 = 5*o - 9 - 6. Suppose -9 = -s - a, -2*s - a = -o*a - 2. Suppose 165 = -0*t + s*t. What is the units digit of t?
3
Suppose 10*g - 6*g - 1116 = 0. What is the units digit of g?
9
Suppose 600 - 608 = 4*o, 5*o = 4*j - 22606. What is the hundreds digit of j?
6
Let x = -247 + 1057. Suppose -17*q + x = -8*q. What is the units digit of q?
0
Let i(s) = 10*s**2 - 9*s + 4. What is the tens digit of i(7)?
3
Suppose -2*r - 3*i + 32 = 2*r, -r = -2*i - 19. Let s = r + 1. Let a = 53 - s. What is the tens digit of a?
4
Let f = 233 - -6. What is the units digit of f?
9
Suppose -2*t = t - 6. Suppose 0 = t*f - 33 + 3. What is the units digit of (24/f)/(1/15)?
4
What is the hundreds digit of -5 - ((-5 - 471) + (-2 - -3))?
4
Let n be (-278)/(-4 - -3 - 1). Suppose c - 3*h - n = 2*h, -h = 5*c - 825. What is the hundreds digit of c?
1
Let r(y) = -y - 10. Let j be r(-7). What is the tens digit of (12/20)/(j/(-285))?
5
What is the hundreds digit of 16988/18 + (-52)/(-234)?
9
Let v be 42/11 - (-2)/11. Let k(l) = -l + 9. Let i be k(v). Let t = i - -8. What is the tens digit of t?
1
Let x(g) = 9*g + 19 + 13*g + 16*g + 26*g. What is the tens digit of x(2)?
4
Let r = -82 + 48. Let j = r - -117. What is the tens digit of j?
8
Let z(p) = 152*p**2 - 4*p + 3. Let s be z(1). Let n = s - 55. What is the tens digit of n?
9
Suppose 3*x + 3*c = 9669, -3*x + 9669 = -0*c + 5*c. What is the tens digit of x?
2
Suppose 281 + 140 = b - h, 5*b = 4*h + 2109. What is the tens digit of b?
2
Suppose 13 = -l + 76. What is the units digit of (52/39)/(2/l)?
2
Let c = 1967 - 437. What is the units digit of c?
0
Suppose 14*c - 93 = 19. What is the units digit of c?
8
Suppose -4*j + 232 = 2*z - j, -220 = -2*z + 3*j. What is the units digit of z?
3
Suppose 0 = -5*c - 49 - 286. Let m = 30 - c. Suppose 4*h = 5*t - 28 + m, -81 = -5*h + t. What is the tens digit of h?
1
Let k(q) = -6*q - 32. Let l be k(-6). Let j(c) = 23*c - 14. What is the units digit of j(l)?
8
Let w(l) = -l**2 - 6*l + 9. Let i(p) = p + 8. Let d be i(-15). Let o be w(d). Suppose -c + 24 = o*c. What is the units digit of c?
8
Suppose v + f - 4 = 0, -v - 4*f + 5 = -8. Let m be 0 + 3/(9/(-30)). What is the units digit of (0 - v)*(m + 5)?
5
Let s = -165 + 484. Let i = s + -165. What is the hundreds digit of i?
1
Let p(v) = -31*v. Let c be p(-4). Let k = 208 - c. Suppose -k = -2*u - u. What is the tens digit of u?
2
What is the tens digit of 159950/100 + (-1)/2?
9
Suppose -2*t = -43*k + 45*k - 1980, 0 = -2*t + 5*k + 1945. What is the tens digit of t?
8
Suppose -2*a = a + 3*m - 12, -3*a + 19 = -4*m. Suppose 190 = 4*s + 3*r, -s + a*r = s - 82. What is the units digit of s?
6
Suppose -x - 3 = -4. Let h = -43 - -53. Suppose -x + h = k. What is the units digit of k?
9
What is the tens digit of 75 - -5 - 6 - -7?
8
Suppose 5*k - 8*k + 1773 = 0. What is the units dig